{"version":"1.0","provider_name":"Fondation pour le droit de l&#039;art","provider_url":"https:\/\/artlawfoundation.com\/fr\/","author_name":"Anne","author_url":"https:\/\/artlawfoundation.com\/fr\/author\/anne\/","title":"The (ab)use of AI generated images - Fondation pour le droit de l&#039;art","type":"rich","width":600,"height":338,"html":"<blockquote class=\"wp-embedded-content\" data-secret=\"guPdD1V5M8\"><a href=\"https:\/\/artlawfoundation.com\/fr\/fda-events\/the-abuse-of-ai-generated-images\/\">The (ab)use of AI generated images<\/a><\/blockquote><iframe sandbox=\"allow-scripts\" security=\"restricted\" src=\"https:\/\/artlawfoundation.com\/fr\/fda-events\/the-abuse-of-ai-generated-images\/embed\/#?secret=guPdD1V5M8\" width=\"600\" height=\"338\" title=\"\u00ab\u00a0The (ab)use of AI generated images\u00a0\u00bb &#8212; Fondation pour le droit de l&#039;art\" data-secret=\"guPdD1V5M8\" frameborder=\"0\" marginwidth=\"0\" marginheight=\"0\" scrolling=\"no\" class=\"wp-embedded-content\"><\/iframe><script type=\"text\/javascript\">\n\/* <![CDATA[ *\/\n\/*! This file is auto-generated *\/\n!function(d,l){\"use strict\";l.querySelector&&d.addEventListener&&\"undefined\"!=typeof URL&&(d.wp=d.wp||{},d.wp.receiveEmbedMessage||(d.wp.receiveEmbedMessage=function(e){var t=e.data;if((t||t.secret||t.message||t.value)&&!\/[^a-zA-Z0-9]\/.test(t.secret)){for(var s,r,n,a=l.querySelectorAll('iframe[data-secret=\"'+t.secret+'\"]'),o=l.querySelectorAll('blockquote[data-secret=\"'+t.secret+'\"]'),c=new RegExp(\"^https?:$\",\"i\"),i=0;i<o.length;i++)o[i].style.display=\"none\";for(i=0;i<a.length;i++)s=a[i],e.source===s.contentWindow&&(s.removeAttribute(\"style\"),\"height\"===t.message?(1e3<(r=parseInt(t.value,10))?r=1e3:~~r<200&&(r=200),s.height=r):\"link\"===t.message&&(r=new URL(s.getAttribute(\"src\")),n=new URL(t.value),c.test(n.protocol))&&n.host===r.host&&l.activeElement===s&&(d.top.location.href=t.value))}},d.addEventListener(\"message\",d.wp.receiveEmbedMessage,!1),l.addEventListener(\"DOMContentLoaded\",function(){for(var e,t,s=l.querySelectorAll(\"iframe.wp-embedded-content\"),r=0;r<s.length;r++)(t=(e=s[r]).getAttribute(\"data-secret\"))||(t=Math.random().toString(36).substring(2,12),e.src+=\"#?secret=\"+t,e.setAttribute(\"data-secret\",t)),e.contentWindow.postMessage({message:\"ready\",secret:t},\"*\")},!1)))}(window,document);\n\/\/# sourceURL=https:\/\/artlawfoundation.com\/site\/wp-includes\/js\/wp-embed.min.js\n\/* ]]> *\/\n<\/script>\n","thumbnail_url":"https:\/\/artlawfoundation.com\/site\/wp-content\/uploads\/2025\/04\/The-abuse-of-AI-generated-Images.png","thumbnail_width":734,"thumbnail_height":733,"description":"L'intelligence artificielle r\u00e9volutionne la fa\u00e7on dont les images sont cr\u00e9\u00e9es, distribu\u00e9es et per\u00e7ues. Des images photor\u00e9alistes aux cr\u00e9ations artistiques abstraites, les images g\u00e9n\u00e9r\u00e9es par l'IA brouillent les fronti\u00e8res entre la r\u00e9alit\u00e9 et la fabrication, soulevant des questions pressantes sur l'authenticit\u00e9, les droits d'auteur et l'utilisation \u00e9thique. Cette conf\u00e9rence r\u00e9unira des experts qui examineront les opportunit\u00e9s et les risques associ\u00e9s \u00e0 l'imagerie g\u00e9n\u00e9r\u00e9e par l'IA, en particulier dans le journalisme, les m\u00e9dias et les industries cr\u00e9atives."}

L'intelligence artificielle révolutionne la façon dont les images sont créées, distribuées et perçues. Des images photoréalistes aux créations artistiques abstraites, les images générées par l'IA brouillent les frontières entre la réalité et la fabrication, soulevant des questions pressantes sur l'authenticité, les droits d'auteur et l'utilisation éthique. Cette conférence réunira des experts qui examineront les opportunités et les risques associés à l'imagerie générée par l'IA, en particulier dans le journalisme, les médias et les industries créatives.
