{"version":"1.0","provider_name":"Fondation pour le droit de l&#039;art","provider_url":"https:\/\/artlawfoundation.com\/fr\/","author_name":"Anne","author_url":"https:\/\/artlawfoundation.com\/fr\/author\/anne\/","title":"Ev\u00e9nement exclusif membres: Nazareth - Fondation pour le droit de l&#039;art","type":"rich","width":600,"height":338,"html":"<blockquote class=\"wp-embedded-content\" data-secret=\"ILv7O46lUf\"><a href=\"https:\/\/artlawfoundation.com\/fr\/fda-events\/evenement-exclusif-membres-nazareth\/\">Ev\u00e9nement exclusif membres: Nazareth<\/a><\/blockquote><iframe sandbox=\"allow-scripts\" security=\"restricted\" src=\"https:\/\/artlawfoundation.com\/fr\/fda-events\/evenement-exclusif-membres-nazareth\/embed\/#?secret=ILv7O46lUf\" width=\"600\" height=\"338\" title=\"\u00ab\u00a0Ev\u00e9nement exclusif membres: Nazareth\u00a0\u00bb &#8212; Fondation pour le droit de l&#039;art\" data-secret=\"ILv7O46lUf\" frameborder=\"0\" marginwidth=\"0\" marginheight=\"0\" scrolling=\"no\" class=\"wp-embedded-content\"><\/iframe><script type=\"text\/javascript\">\n\/* <![CDATA[ *\/\n\/*! This file is auto-generated *\/\n!function(d,l){\"use strict\";l.querySelector&&d.addEventListener&&\"undefined\"!=typeof URL&&(d.wp=d.wp||{},d.wp.receiveEmbedMessage||(d.wp.receiveEmbedMessage=function(e){var t=e.data;if((t||t.secret||t.message||t.value)&&!\/[^a-zA-Z0-9]\/.test(t.secret)){for(var s,r,n,a=l.querySelectorAll('iframe[data-secret=\"'+t.secret+'\"]'),o=l.querySelectorAll('blockquote[data-secret=\"'+t.secret+'\"]'),c=new RegExp(\"^https?:$\",\"i\"),i=0;i<o.length;i++)o[i].style.display=\"none\";for(i=0;i<a.length;i++)s=a[i],e.source===s.contentWindow&&(s.removeAttribute(\"style\"),\"height\"===t.message?(1e3<(r=parseInt(t.value,10))?r=1e3:~~r<200&&(r=200),s.height=r):\"link\"===t.message&&(r=new URL(s.getAttribute(\"src\")),n=new URL(t.value),c.test(n.protocol))&&n.host===r.host&&l.activeElement===s&&(d.top.location.href=t.value))}},d.addEventListener(\"message\",d.wp.receiveEmbedMessage,!1),l.addEventListener(\"DOMContentLoaded\",function(){for(var e,t,s=l.querySelectorAll(\"iframe.wp-embedded-content\"),r=0;r<s.length;r++)(t=(e=s[r]).getAttribute(\"data-secret\"))||(t=Math.random().toString(36).substring(2,12),e.src+=\"#?secret=\"+t,e.setAttribute(\"data-secret\",t)),e.contentWindow.postMessage({message:\"ready\",secret:t},\"*\")},!1)))}(window,document);\n\/\/# sourceURL=https:\/\/artlawfoundation.com\/site\/wp-includes\/js\/wp-embed.min.js\n\/* ]]> *\/\n<\/script>\n","thumbnail_url":"https:\/\/artlawfoundation.com\/site\/wp-content\/uploads\/2023\/05\/Nazareth.jpg","thumbnail_width":904,"thumbnail_height":880,"description":"Nous avons le plaisir de vous informer de l\u2019ouverture prochaine de la Galerie By Lara Sedbon dans le quartier du Marais \u00e0 Paris\u00a0(Rue Notre Dame de Nazareth 63, 75004 Paris). Gr\u00e2ce \u00e0 l\u2019aimable concours de l\u2019une de nos membres, Madame C\u00e9line\u00a0\u00dclk\u00fcmen Daumas, les membres de la FDA sont cordialement invit\u00e9s \u00e0 l\u2019inauguration qui se tiendra... Voir l'article"}

Evénement exclusif membres: Nazareth - Fondation pour le droit de l&#039;art

<blockquote class="wp-embedded-content" data-secret="ILv7O46lUf"><a href="https://artlawfoundation.com/fr/fda-events/evenement-exclusif-membres-nazareth/">Evénement exclusif membres: Nazareth</a></blockquote><iframe sandbox="allow-scripts" security="restricted" src="https://artlawfoundation.com/fr/fda-events/evenement-exclusif-membres-nazareth/embed/#?secret=ILv7O46lUf" width="600" height="338" title="« Evénement exclusif membres: Nazareth » &#8212; Fondation pour le droit de l&#039;art" data-secret="ILv7O46lUf" frameborder="0" marginwidth="0" marginheight="0" scrolling="no" class="wp-embedded-content"></iframe><script type="text/javascript">
/* <![CDATA[ */
/*! This file is auto-generated */
!function(d,l){"use strict";l.querySelector&&d.addEventListener&&"undefined"!=typeof URL&&(d.wp=d.wp||{},d.wp.receiveEmbedMessage||(d.wp.receiveEmbedMessage=function(e){var t=e.data;if((t||t.secret||t.message||t.value)&&!/[^a-zA-Z0-9]/.test(t.secret)){for(var s,r,n,a=l.querySelectorAll('iframe[data-secret="'+t.secret+'"]'),o=l.querySelectorAll('blockquote[data-secret="'+t.secret+'"]'),c=new RegExp("^https?:$","i"),i=0;i<o.length;i++)o[i].style.display="none";for(i=0;i<a.length;i++)s=a[i],e.source===s.contentWindow&&(s.removeAttribute("style"),"height"===t.message?(1e3<(r=parseInt(t.value,10))?r=1e3:~~r<200&&(r=200),s.height=r):"link"===t.message&&(r=new URL(s.getAttribute("src")),n=new URL(t.value),c.test(n.protocol))&&n.host===r.host&&l.activeElement===s&&(d.top.location.href=t.value))}},d.addEventListener("message",d.wp.receiveEmbedMessage,!1),l.addEventListener("DOMContentLoaded",function(){for(var e,t,s=l.querySelectorAll("iframe.wp-embedded-content"),r=0;r<s.length;r++)(t=(e=s[r]).getAttribute("data-secret"))||(t=Math.random().toString(36).substring(2,12),e.src+="#?secret="+t,e.setAttribute("data-secret",t)),e.contentWindow.postMessage({message:"ready",secret:t},"*")},!1)))}(window,document);
//# sourceURL=https://artlawfoundation.com/site/wp-includes/js/wp-embed.min.js
/* ]]> */
</script>

Nous avons le plaisir de vous informer de l’ouverture prochaine de la Galerie By Lara Sedbon dans le quartier du Marais à Paris (Rue Notre Dame de Nazareth 63, 75004 Paris). Grâce à l’aimable concours de l’une de nos membres, Madame Céline Ülkümen Daumas, les membres de la FDA sont cordialement invités à l’inauguration qui se tiendra... Voir l'article
