{"version":"1.0","provider_name":"Fondation pour le droit de l&#039;art","provider_url":"https:\/\/artlawfoundation.com\/fr\/","author_name":"Anne","author_url":"https:\/\/artlawfoundation.com\/fr\/author\/anne\/","title":"Ev\u00e9nement exclusif membres | Art Paris - Fondation pour le droit de l&#039;art","type":"rich","width":600,"height":338,"html":"<blockquote class=\"wp-embedded-content\" data-secret=\"a9iSKKF2ON\"><a href=\"https:\/\/artlawfoundation.com\/fr\/fda-events\/evenement-exclusif-membres-art-paris\/\">Ev\u00e9nement exclusif membres | Art Paris<\/a><\/blockquote><iframe sandbox=\"allow-scripts\" security=\"restricted\" src=\"https:\/\/artlawfoundation.com\/fr\/fda-events\/evenement-exclusif-membres-art-paris\/embed\/#?secret=a9iSKKF2ON\" width=\"600\" height=\"338\" title=\"\u00ab\u00a0Ev\u00e9nement exclusif membres | Art Paris\u00a0\u00bb &#8212; Fondation pour le droit de l&#039;art\" data-secret=\"a9iSKKF2ON\" frameborder=\"0\" marginwidth=\"0\" marginheight=\"0\" scrolling=\"no\" class=\"wp-embedded-content\"><\/iframe><script type=\"text\/javascript\">\n\/* <![CDATA[ *\/\n\/*! This file is auto-generated *\/\n!function(d,l){\"use strict\";l.querySelector&&d.addEventListener&&\"undefined\"!=typeof URL&&(d.wp=d.wp||{},d.wp.receiveEmbedMessage||(d.wp.receiveEmbedMessage=function(e){var t=e.data;if((t||t.secret||t.message||t.value)&&!\/[^a-zA-Z0-9]\/.test(t.secret)){for(var s,r,n,a=l.querySelectorAll('iframe[data-secret=\"'+t.secret+'\"]'),o=l.querySelectorAll('blockquote[data-secret=\"'+t.secret+'\"]'),c=new RegExp(\"^https?:$\",\"i\"),i=0;i<o.length;i++)o[i].style.display=\"none\";for(i=0;i<a.length;i++)s=a[i],e.source===s.contentWindow&&(s.removeAttribute(\"style\"),\"height\"===t.message?(1e3<(r=parseInt(t.value,10))?r=1e3:~~r<200&&(r=200),s.height=r):\"link\"===t.message&&(r=new URL(s.getAttribute(\"src\")),n=new URL(t.value),c.test(n.protocol))&&n.host===r.host&&l.activeElement===s&&(d.top.location.href=t.value))}},d.addEventListener(\"message\",d.wp.receiveEmbedMessage,!1),l.addEventListener(\"DOMContentLoaded\",function(){for(var e,t,s=l.querySelectorAll(\"iframe.wp-embedded-content\"),r=0;r<s.length;r++)(t=(e=s[r]).getAttribute(\"data-secret\"))||(t=Math.random().toString(36).substring(2,12),e.src+=\"#?secret=\"+t,e.setAttribute(\"data-secret\",t)),e.contentWindow.postMessage({message:\"ready\",secret:t},\"*\")},!1)))}(window,document);\n\/\/# sourceURL=https:\/\/artlawfoundation.com\/site\/wp-includes\/js\/wp-embed.min.js\n\/* ]]> *\/\n<\/script>\n","thumbnail_url":"https:\/\/artlawfoundation.com\/site\/wp-content\/uploads\/2021\/08\/Art-Paris.jpg","thumbnail_width":1800,"thumbnail_height":1350,"description":"Nous avons le plaisir de vous convier au premier \u00ab\u00a0\u00e9v\u00e9nement exclusif membres\u00a0\u00bb\u00a0de la saison automnale, qui vous propose une\u00a0visite VIP exceptionnelle\u00a0\u00e0\u00a0Art Paris au Grand Palais \u00c9ph\u00e9m\u00e8re,\u00a0Champ-de-Mars, Plateau Joffre, 75007 Paris\u00a0le samedi 11 septembre 2021. Nous y serons accueillis \u00e0\u00a010h30\u00a0par Madame B\u00e9atrice Guesnet-Micheli, Responsable Relations VIP et Monsieur Guillaume Piens,\u00a0Commissaire G\u00e9n\u00e9ral. Puis nous aurons le privil\u00e8ge de b\u00e9n\u00e9ficier d\u2019une visite guid\u00e9e priv\u00e9e de 45 minutes, en compagnie d\u2019un expert de l\u2019Observatoire de l\u2019art contemporain. Lors de l\u2019accueil il vous sera remis un pass \u00ab\u00a0Prestige\u00a0\u00bb, valable pour deux personnes et ceci pour toute la dur\u00e9e de la foire."}

Evénement exclusif membres | Art Paris - Fondation pour le droit de l&#039;art

<blockquote class="wp-embedded-content" data-secret="a9iSKKF2ON"><a href="https://artlawfoundation.com/fr/fda-events/evenement-exclusif-membres-art-paris/">Evénement exclusif membres | Art Paris</a></blockquote><iframe sandbox="allow-scripts" security="restricted" src="https://artlawfoundation.com/fr/fda-events/evenement-exclusif-membres-art-paris/embed/#?secret=a9iSKKF2ON" width="600" height="338" title="« Evénement exclusif membres | Art Paris » &#8212; Fondation pour le droit de l&#039;art" data-secret="a9iSKKF2ON" frameborder="0" marginwidth="0" marginheight="0" scrolling="no" class="wp-embedded-content"></iframe><script type="text/javascript">
/* <![CDATA[ */
/*! This file is auto-generated */
!function(d,l){"use strict";l.querySelector&&d.addEventListener&&"undefined"!=typeof URL&&(d.wp=d.wp||{},d.wp.receiveEmbedMessage||(d.wp.receiveEmbedMessage=function(e){var t=e.data;if((t||t.secret||t.message||t.value)&&!/[^a-zA-Z0-9]/.test(t.secret)){for(var s,r,n,a=l.querySelectorAll('iframe[data-secret="'+t.secret+'"]'),o=l.querySelectorAll('blockquote[data-secret="'+t.secret+'"]'),c=new RegExp("^https?:$","i"),i=0;i<o.length;i++)o[i].style.display="none";for(i=0;i<a.length;i++)s=a[i],e.source===s.contentWindow&&(s.removeAttribute("style"),"height"===t.message?(1e3<(r=parseInt(t.value,10))?r=1e3:~~r<200&&(r=200),s.height=r):"link"===t.message&&(r=new URL(s.getAttribute("src")),n=new URL(t.value),c.test(n.protocol))&&n.host===r.host&&l.activeElement===s&&(d.top.location.href=t.value))}},d.addEventListener("message",d.wp.receiveEmbedMessage,!1),l.addEventListener("DOMContentLoaded",function(){for(var e,t,s=l.querySelectorAll("iframe.wp-embedded-content"),r=0;r<s.length;r++)(t=(e=s[r]).getAttribute("data-secret"))||(t=Math.random().toString(36).substring(2,12),e.src+="#?secret="+t,e.setAttribute("data-secret",t)),e.contentWindow.postMessage({message:"ready",secret:t},"*")},!1)))}(window,document);
//# sourceURL=https://artlawfoundation.com/site/wp-includes/js/wp-embed.min.js
/* ]]> */
</script>

Nous avons le plaisir de vous convier au premier « événement exclusif membres » de la saison automnale, qui vous propose une visite VIP exceptionnelle à Art Paris au Grand Palais Éphémère, Champ-de-Mars, Plateau Joffre, 75007 Paris le samedi 11 septembre 2021. Nous y serons accueillis à 10h30 par Madame Béatrice Guesnet-Micheli, Responsable Relations VIP et Monsieur Guillaume Piens, Commissaire Général. Puis nous aurons le privilège de bénéficier d’une visite guidée privée de 45 minutes, en compagnie d’un expert de l’Observatoire de l’art contemporain. Lors de l’accueil il vous sera remis un pass « Prestige », valable pour deux personnes et ceci pour toute la durée de la foire.
